-5*v - a - 4276 + 21489 = 0, -3454 = -v - 4*a. List the prime factors of v.
2, 1721
Suppose z - 93 = -10. Let o = z - 19. List the prime factors of o.
2
Suppose 2*v + l - 2111 = 0, 2*l = v + 301 - 1344. List the prime factors of v.
3, 13
Let s be (-6)/(-5)*70/3. Let b be (-1 - s)*(9 - 10). Let f = b - -1. What are the prime factors of f?
2, 3, 5
Suppose -f + 5460 = 5*u + 337, -3*f + 3*u = -15279. List the prime factors of f.
2, 2549
Suppose 4*g - 3*d = -1, g + 2*g + 7 = d. Let m be (8 - -1) + 0 + g. Suppose -2 + 37 = v + 2*b, 5*v - 145 = m*b. List the prime factors of v.
31
Let d be (4 - -1)/5 + 3. List the prime factors of (2151/(-4))/(-9)*d.
239
Let b be 358 + -2 + -2 + 5 + -2. List the prime factors of (68/12 - 6)*(0 - b).
7, 17
Let n = -1153 - -1267. List the prime factors of n.
2, 3, 19
Let z = 8 - 1. Let r(p) = -p + 11. Let v be r(z). Let d(f) = -f + 6. List the prime factors of d(v).
2
Let a(q) = 335*q**2 + 14*q + 9. What are the prime factors of a(-1)?
2, 3, 5, 11
Suppose 9*d + 2*l = 5*d + 482, -3*l = 4*d - 487. What are the prime factors of d?
2, 59
Suppose -9*z + 6*z + 330 = 0. Let s = z + -42. What are the prime factors of s?
2, 17
Let x be 1/((-4)/12)*-79. Suppose -3*l + 3*c = -2*c - x, -6 = -2*c. List the prime factors of l.
2, 3, 7
Suppose -m = -435 - 725. List the prime factors of m.
2, 5, 29
Suppose -83 = -a - r + 130, 4*a + 2*r - 848 = 0. List the prime factors of a.
211
Suppose 5*i = 5, 6*l - 2*l = 5*i + 15. Let j = l + 0. What are the prime factors of j?
5
Let u be (-4)/(-8) - 489/6. Let p = -23 - u. What are the prime factors of p?
2, 29
Let w(l) = l**3 + l**2. Let b(u) = -3*u**3 + 7*u**2 + 5*u - 13. Let z(t) = -b(t) - 2*w(t). List the prime factors of z(11).
2, 5
Let q(k) = 18*k**2 - 35*k - 11. What are the prime factors of q(-8)?
7, 29
Let b = -9 - -14. Let t(n) = -n**2 - 4*n - 4. Let o be t(-2). Suppose -b*y - 5 + 0 = o, -4*u + 149 = 3*y. List the prime factors of u.
2, 19
Let o be -3 - 9/(-1) - 4. What are the prime factors of o*249*3/18?
83
Let t be (-8)/20 + 90/(-25). Let n = t - -57. List the prime factors of n.
53
Let s(n) = 20*n + 7 - n**2 + 4 - 14*n. Let u be s(-4). Let o = u + 71. What are the prime factors of o?
2, 3, 7
Suppose -20 = -35*f + 25*f. Suppose -4*g + 0*x + 1012 = -f*x, -2*g - 3*x = -514. List the prime factors of g.
2, 127
Let u(y) = -y**3 + 4*y**2 + 2*y + 15. Let o be u(5). Suppose 25*d - 22*d - 399 = o. List the prime factors of d.
7, 19
List the prime factors of 5427/18*(-544)/(-72).
2, 17, 67
Suppose -2*o = 7*u - 4*u - 37, -3*u - o = -32. Suppose u*i - 13*i = -768. List the prime factors of i.
2, 3
Let w(v) be the second derivative of v**4/6 - 19*v**3/6 - 27*v**2/2 + 10*v. List the prime factors of w(14).
3, 11
Suppose 0*v + 4 = 2*v. Suppose -2 = -v*p + 44. Suppose -4*s + 4*r = -136, -3*s = 4*r - p - 86. List the prime factors of s.
5, 7
Suppose 5092 + 2078 = 15*z. List the prime factors of z.
2, 239
Let z(a) = 6*a**3 - 6*a**2 - 5*a + 47. List the prime factors of z(5).
2, 311
Suppose 3*t + 25 = 2*p, 0*p = -p + 2. Let w be 2/t + (-224)/(-98). Suppose -7 = -w*m + 27. List the prime factors of m.
17
Let u be 0 + 42 + -3 + 4. Let t = u - 22. List the prime factors of t.
3, 7
Suppose -5*r + g + 19 = 0, -3*g - 2 - 10 = 0. Let j be 10/(-15) + 53/r. What are the prime factors of j + -2 + (5 - 2)?
2, 3
Let u = -4 + -4. List the prime factors of (-14)/6*-4*(-84)/u.
2, 7
Let a be -4*(-2)/8 + 0. Let o(p) = 2*p**2 + a + 6*p**2 - 8*p + 6*p. What are the prime factors of o(2)?
29
Suppose -5*q + a = -2*q - 1720, 2*q = -3*a + 1143. What are the prime factors of q?
3, 191
Let v(p) = p**2 - 8*p - 5. Let u be v(7). Let j = 32 + u. What are the prime factors of j?
2, 5
Let v = 513 + 440. List the prime factors of v.
953
Let m = -782 - -1195. What are the prime factors of m?
7, 59
Let m = 1024 - 491. List the prime factors of m.
13, 41
Suppose 4*c - 1050 = -5*b, b + 2*c = 2*b - 210. List the prime factors of b.
2, 3, 5, 7
Let n(i) = i**2 - i + 5. Let z = 1 + 2. List the prime factors of n(z).
11
Suppose 3*t = -5*c + c - 19, 5*t = -3*c - 28. Let u = 4 - c. Suppose u*j = -g + 5*g - 47, -2*g + 4*j = -28. List the prime factors of g.
2
Let t = 385 + -169. Suppose t*d - 217*d + 67 = 0. What are the prime factors of d?
67
List the prime factors of 945*((-36)/15)/(-4).
3, 7
Let b(k) = -3*k**2 + 13*k - 11. Let w be b(8). Let n = -49 - w. List the prime factors of n.
2, 5
Suppose w - 1035 = -q, -19*w + 3097 = 3*q - 14*w. What are the prime factors of q?
1039
Let a(k) be the first derivative of -k**4/4 + k**3 - k**2 + k + 5. Let p be a(1). Suppose -j + p + 4 = 0. What are the prime factors of j?
5
Let n(z) = 2*z**2 - 18*z + 2. Let r be n(9). What are the prime factors of r + 220/(2 + 2)?
3, 19
Let h = 20 + -15. Let j = h - 4. Suppose 2*p = -j + 147. List the prime factors of p.
73
List the prime factors of 46550/250 + 1/(-5).
2, 3, 31
Suppose -6*v + 2312 = 146. What are the prime factors of v?
19
Let b(q) = 8*q**2 - 20*q**3 - 4*q + 3*q - 8*q**2 - 1. What are the prime factors of b(-1)?
2, 5
Let z(i) = 205*i**2 - 3*i - 1. What are the prime factors of z(1)?
3, 67
Suppose 1068 = 2*r - 896. What are the prime factors of r?
2, 491
Suppose 0 = -3*b - 6, -2*a = 5*b + 4 + 2. Suppose 364 = 4*h - 4*z, 3*h - 4*h - a*z + 103 = 0. List the prime factors of h.
5, 19
Suppose 11 - 43 = -4*d. Suppose d*n = -3*n + 187. What are the prime factors of n?
17
Let r = 1081 - 549. What are the prime factors of r?
2, 7, 19
Let y = -20 - -37. Suppose 3*g - y - 1 = 0. What are the prime factors of g/(-10) - (-882)/45?
19
Suppose -3*k + 3323 + 7903 = 0. What are the prime factors of k?
2, 1871
Suppose 12 = -3*d, -4*z + 68 = -4*d - 100. Suppose -56 = 36*i - z*i. Suppose 33*n = i*n + 325. What are the prime factors of n?
5, 13
Let a(b) = b**2 - 22*b + 117. What are the prime factors of a(-46)?
5, 11, 59
Suppose -100*q = 24003 - 95003. List the prime factors of q.
2, 5, 71
Suppose -4*x = -2*o - 5*x + 6698, 5*o = -7*x + 16763. List the prime factors of o.
3347
What are the prime factors of (-419 - (-4)/2)*-1?
3, 139
Let a = 1476 - 135. What are the prime factors of a?
3, 149
Let v be 18/9 - (0 - -191). Let j = v - -444. What are the prime factors of j?
3, 5, 17
Let k(h) = 2*h - 5. Let b be k(4). Suppose 2*p = b*p - 33. List the prime factors of p.
3, 11
Let l(y) = -2*y + 13. Let p be l(5). Suppose 581 = 5*s - 0*r - r, -4*r + 367 = p*s. List the prime factors of s.
3, 13
Let u(n) = -2*n**3 - 5*n + 1. Suppose 0*w = 4*w - 3*j + 12, 0 = -4*w + 4*j - 12. What are the prime factors of u(w)?
2, 5, 7
Let s be 60/14 + 4/(-14). Let k be (-4)/10*(-1200)/(-48). List the prime factors of (-2 - k/s)*8.
2
Let y(r) = -17*r + 2 - 14*r - 2. What are the prime factors of y(-3)?
3, 31
Let u(a) = 59*a**2 + 29*a - 13. List the prime factors of u(6).
5, 457
Suppose -5*m = a + 6, a + 2 = -4*m - 9. Let b = a - -116. List the prime factors of b.
5, 17
Suppose 5 = -4*z - 7, -5*s + 52 = -4*z. Let n = -6 + s. What are the prime factors of (-159)/(-6) + n/(-4)?
2, 13
Let j(w) = -15*w**3 - 15*w**2 - 42*w - 8. What are the prime factors of j(-4)?
2, 5, 11
Suppose 7 = 2*f - 3. Suppose -f*l + 16 = -3*l. List the prime factors of (-34)/l*(-12 + 8).
17
Let y(p) = p**2 - 9*p - 7. Let j(u) = 5*u**2 - 35*u - 27. Let o(x) = -2*j(x) + 9*y(x). Let l be o(-8). Let i = l + -11. What are the prime factors of i?
2
What are the prime factors of 5658/6 + 10/(-5)?
941
Let l(t) = 93*t - 2. List the prime factors of l(1).
7, 13
Let c(z) = z - 7*z**2 + 4*z**2 + 3 + 0 + 1. Let s be c(2). What are the prime factors of (9/s)/((-2)/80)?
2, 3, 5
Suppose -9*g + 4*q + 1548 = -7*g, -5*q + 3795 = 5*g. List the prime factors of g.
2, 191
Let o(g) = -30*g + 41*g - g**2 + 0*g**2 + 13. Let l be o(9). Let k = l - 12. List the prime factors of k.
19
Suppose 122 = 4*q - 6. Let z = q - 23. List the prime factors of -3*(-40)/36*z.
2, 3, 5
Suppose 0 = 3*j - 2*j - 43. Let s = 28 - 16. Let x = j - s. What are the prime factors of x?
31
Let i = -72 + 173. Suppose l - 3*u = 116, -2*u + i = -3*l + 4*l. List the prime factors of l.
107
Let w(a) = 3*a**3 - 2*a**2 - a + 2. Let s be w(1). Suppose -s*y + 5*y = 3*i - 186, 5*i - 350 = -3*y. What are the prime factors of i?
67
Suppose -4*q = 4, 2*y - 95 = -4*q + 751. Suppose -4*c - 5*u